r when 32782 is divided by 1310?
32
What is the remainder when 12765 is divided by 6378?
9
Calculate the remainder when 2147 is divided by 531.
23
What is the remainder when 139010 is divided by 23166?
14
What is the remainder when 309690 is divided by 59?
58
What is the remainder when 550 is divided by 100?
50
What is the remainder when 2217 is divided by 183?
21
What is the remainder when 36404 is divided by 18178?
48
What is the remainder when 113310 is divided by 53?
49
Calculate the remainder when 337903 is divided by 12995.
33
Calculate the remainder when 2719 is divided by 26.
15
Calculate the remainder when 32546 is divided by 79.
77
What is the remainder when 1056949 is divided by 139?
132
Calculate the remainder when 8794 is divided by 4379.
36
Calculate the remainder when 21289 is divided by 453.
451
Calculate the remainder when 26968 is divided by 26840.
128
Calculate the remainder when 6257 is divided by 56.
41
What is the remainder when 6224 is divided by 132?
20
Calculate the remainder when 276102 is divided by 168.
78
What is the remainder when 3023768 is divided by 1511883?
2
Calculate the remainder when 494028 is divided by 250.
28
What is the remainder when 9719 is divided by 5?
4
What is the remainder when 1382675 is divided by 201?
197
Calculate the remainder when 194566 is divided by 150.
16
Calculate the remainder when 23684 is divided by 119.
3
What is the remainder when 34591 is divided by 3143?
18
Calculate the remainder when 24822 is divided by 776.
766
Calculate the remainder when 28347 is divided by 10.
7
Calculate the remainder when 527139 is divided by 73.
6
Calculate the remainder when 45801 is divided by 1990.
31
Calculate the remainder when 167226 is divided by 724.
706
Calculate the remainder when 15035 is divided by 1364.
31
What is the remainder when 69303 is divided by 4619?
18
Calculate the remainder when 375828 is divided by 233.
232
Calculate the remainder when 41043 is divided by 1207.
5
Calculate the remainder when 9123 is divided by 4419.
285
Calculate the remainder when 1841 is divided by 554.
179
Calculate the remainder when 3999 is divided by 1147.
558
Calculate the remainder when 99266 is divided by 114.
86
Calculate the remainder when 75231 is divided by 34.
23
Calculate the remainder when 18866 is divided by 6249.
119
Calculate the remainder when 64340 is divided by 75.
65
What is the remainder when 22891 is divided by 992?
75
Calculate the remainder when 7131 is divided by 790.
21
Calculate the remainder when 37537 is divided by 12506.
19
Calculate the remainder when 144158 is divided by 8.
6
What is the remainder when 12121 is divided by 2933?
389
What is the remainder when 34139 is divided by 6822?
29
Calculate the remainder when 21868 is divided by 62.
44
Calculate the remainder when 229264 is divided by 167.
140
Calculate the remainder when 4975 is divided by 632.
551
What is the remainder when 6781 is divided by 63?
40
Calculate the remainder when 266749 is divided by 2021.
1998
What is the remainder when 3611 is divided by 10?
1
Calculate the remainder when 45991 is divided by 58.
55
What is the remainder when 47385 is divided by 1480?
25
What is the remainder when 5382 is divided by 19?
5
Calculate the remainder when 56468 is divided by 2453.
49
What is the remainder when 3016 is divided by 1576?
1440
Calculate the remainder when 84969 is divided by 145.
144
Calculate the remainder when 1645585 is divided by 9.
7
Calculate the remainder when 22382 is divided by 9.
8
What is the remainder when 1314540 is divided by 28?
24
What is the remainder when 956 is divided by 80?
76
What is the remainder when 596 is divided by 162?
110
What is the remainder when 261863 is divided by 301?
294
Calculate the remainder when 6250 is divided by 112.
90
Calculate the remainder when 8081 is divided by 13.
8
Calculate the remainder when 71110 is divided by 11.
6
What is the remainder when 531928 is divided by 142?
138
Calculate the remainder when 816 is divided by 19.
18
Calculate the remainder when 1022772 is divided by 739.
735
Calculate the remainder when 268 is divided by 142.
126
Calculate the remainder when 48609 is divided by 6075.
9
Calculate the remainder when 15252 is divided by 423.
24
Calculate the remainder when 15761 is divided by 150.
11
Calculate the remainder when 972411 is divided by 23.
17
Calculate the remainder when 2124 is divided by 91.
31
What is the remainder when 59396 is divided by 50?
46
What is the remainder when 1702 is divided by 123?
103
Calculate the remainder when 12119 is divided by 1319.
248
Calculate the remainder when 2492 is divided by 86.
84
What is the remainder when 1033 is divided by 177?
148
Calculate the remainder when 9771 is divided by 296.
3
Calculate the remainder when 149445 is divided by 5153.
8
What is the remainder when 266655 is divided by 796?
791
Calculate the remainder when 4699 is divided by 596.
527
Calculate the remainder when 2815 is divided by 321.
247
Calculate the remainder when 2524859 is divided by 195.
194
What is the remainder when 3478 is divided by 1726?
26
Calculate the remainder when 309405 is divided by 277.
273
What is the remainder when 2324 is divided by 19?
6
What is the remainder when 634367 is divided by 672?
671
What is the remainder when 9602 is divided by 1054?
116
What is the remainder when 699407 is divided by 36?
35
What is the remainder when 76554 is divided by 12?
6
Calculate the remainder when 253351 is divided by 50670.
1
Calculate the remainder when 23840 is divided by 418.
14
Calculate the remainder when 3664 is divided by 193.
190
What is the remainder when 35744 is divided by 15?
14
What is the remainder when 9356 is divided by 4676?
4
Calculate the remainder when 374298 is divided by 475.
473
Calculate the remainder when 314107 is divided by 7.
3
What is the remainder when 261370 is divided by 1980?
10
Calculate the remainder when 153382 is divided by 741.
736
What is the remainder when 137 is divided by 52?
33
Calculate the remainder when 722 is divided by 578.
144
Calculate the remainder when 60800 is divided by 1733.
145
What is the remainder when 2074 is divided by 422?
386
What is the remainder when 299905 is divided by 299895?
10
Calculate the remainder when 41630 is divided by 13867.
29
What is the remainder when 18293 is divided by 208?
197
What is the remainder when 7720 is divided by 3854?
12
What is the remainder when 646 is divided by 310?
26
Calculate the remainder when 12440 is divided by 52.
12
What is the remainder when 1009915 is divided by 3?
1
What is the remainder when 5621896 is divided by 193?
192
Calculate the remainder when 10087 is divided by 167.
67
Calculate the remainder when 923 is divided by 37.
35
What is the remainder when 71427 is divided by 74?
17
What is the remainder when 2950 is divided by 4?
2
What is the remainder when 322586 is divided by 58?
48
What is the remainder when 695534 is divided by 4?
2
Calculate the remainder when 6925 is divided by 95.
85
What is the remainder when 336203 is divided by 15?
8
Calculate the remainder when 36656 is divided by 273.
74
What is the remainder when 53582 is divided by 3?
2
What is the remainder when 130615 is divided by 60?
55
Calculate the remainder when 91638 is divided by 116.
114
Calculate the remainder when 4464 is divided by 50.
14
Calculate the remainder when 1443249 is divided by 86.
83
What is the remainder when 4513 is divided by 742?
61
Calculate the remainder when 11225 is divided by 331.
302
Calculate the remainder when 20667 is divided by 94.
81
Calculate the remainder when 164880 is divided by 106.
50
What is the remainder when 1300 is divided by 24?
4
Calculate the remainder when 18088 is divided by 9044.
0
Calculate the remainder when 142486 is divided by 72.
70
Calculate the remainder when 2954 is divided by 2.
0
Calculate the remainder when 1837 is divided by 93.
70
Calculate the remainder when 3415571 is divided by 868.
859
What is the remainder when 25563 is divided by 95?
8
Calculate the remainder when 5577 is divided by 36.
33
What is the remainder when 4898 is divided by 534?
92
What is the remainder when 370302 is divided by 92570?
22
Calculate the remainder when 840 is divided by 34.
24
What is the remaind